 is the tens digit of 10515?
1
What is the tens digit of 662?
6
What is the tens digit of 4434?
3
What is the thousands digit of 17301?
7
What is the units digit of 249?
9
What is the units digit of 1665?
5
What is the tens digit of 2441?
4
What is the tens digit of 2435?
3
What is the units digit of 6842?
2
What is the hundreds digit of 4607?
6
What is the thousands digit of 1022?
1
What is the tens digit of 57903?
0
What is the tens digit of 35236?
3
What is the thousands digit of 1523?
1
What is the tens digit of 978?
7
What is the ten thousands digit of 20198?
2
What is the tens digit of 6666?
6
What is the hundreds digit of 3944?
9
What is the hundreds digit of 767?
7
What is the tens digit of 109201?
0
What is the units digit of 18419?
9
What is the tens digit of 801?
0
What is the tens digit of 45196?
9
What is the tens digit of 1676?
7
What is the thousands digit of 10826?
0
What is the units digit of 8253?
3
What is the hundreds digit of 867?
8
What is the hundreds digit of 543?
5
What is the ten thousands digit of 10381?
1
What is the thousands digit of 13058?
3
What is the units digit of 4852?
2
What is the ten thousands digit of 14635?
1
What is the units digit of 1485?
5
What is the ten thousands digit of 39442?
3
What is the hundreds digit of 767?
7
What is the hundreds digit of 180?
1
What is the tens digit of 5944?
4
What is the thousands digit of 87445?
7
What is the hundreds digit of 663?
6
What is the units digit of 1020?
0
What is the tens digit of 6285?
8
What is the units digit of 2536?
6
What is the hundreds digit of 711?
7
What is the thousands digit of 79722?
9
What is the ten thousands digit of 121298?
2
What is the units digit of 4066?
6
What is the thousands digit of 5484?
5
What is the hundreds digit of 287?
2
What is the hundreds digit of 889?
8
What is the tens digit of 16271?
7
What is the thousands digit of 3239?
3
What is the units digit of 9447?
7
What is the tens digit of 3924?
2
What is the thousands digit of 16898?
6
What is the hundreds digit of 2934?
9
What is the tens digit of 872?
7
What is the units digit of 2098?
8
What is the thousands digit of 6277?
6
What is the thousands digit of 4140?
4
What is the units digit of 21028?
8
What is the hundreds digit of 5262?
2
What is the units digit of 1644?
4
What is the thousands digit of 1628?
1
What is the tens digit of 45?
4
What is the thousands digit of 1832?
1
What is the units digit of 389?
9
What is the units digit of 7726?
6
What is the tens digit of 14831?
3
What is the tens digit of 627?
2
What is the thousands digit of 125059?
5
What is the tens digit of 1673?
7
What is the hundreds digit of 1218?
2
What is the hundreds digit of 7869?
8
What is the units digit of 2459?
9
What is the units digit of 641?
1
What is the units digit of 9169?
9
What is the thousands digit of 73554?
3
What is the thousands digit of 8396?
8
What is the thousands digit of 2825?
2
What is the hundreds digit of 20420?
4
What is the tens digit of 46353?
5
What is the hundreds digit of 37272?
2
What is the thousands digit of 1111?
1
What is the tens digit of 21140?
4
What is the tens digit of 6045?
4
What is the thousands digit of 12981?
2
What is the tens digit of 47037?
3
What is the units digit of 2900?
0
What is the tens digit of 3343?
4
What is the hundreds digit of 10492?
4
What is the hundreds digit of 43462?
4
What is the hundreds digit of 75528?
5
What is the ten thousands digit of 14263?
1
What is the hundreds digit of 150?
1
What is the tens digit of 77265?
6
What is the hundreds digit of 61165?
1
What is the ten thousands digit of 31939?
3
What is the ten thousands digit of 16839?
1
What is the hundreds digit of 71957?
9
What is the ten thousands digit of 22322?
2
What is the tens digit of 2153?
5
What is the hundreds digit of 2060?
0
What is the units digit of 575?
5
What is the thousands digit of 3002?
3
What is the hundreds digit of 987?
9
What is the thousands digit of 7480?
7
What is the units digit of 1230?
0
What is the units digit of 752?
2
What is the tens digit of 226?
2
What is the ten thousands digit of 95879?
9
What is the tens digit of 139890?
9
What is the tens digit of 10126?
2
What is the thousands digit of 11895?
1
What is the units digit of 173444?
4
What is the hundreds digit of 1170?
1
What is the tens digit of 337?
3
What is the hundreds digit of 1394?
3
What is the ten thousands digit of 59247?
5
What is the tens digit of 1037?
3
What is the hundreds digit of 1291?
2
What is the thousands digit of 7960?
7
What is the hundreds digit of 12275?
2
What is the hundreds digit of 26409?
4
What is the tens digit of 79930?
3
What is the tens digit of 29956?
5
What is the tens digit of 584?
8
What is the thousands digit of 6391?
6
What is the tens digit of 1130?
3
What is the hundreds digit of 44473?
4
What is the tens digit of 1119?
1
What is the hundreds digit of 2973?
9
What is the hundreds digit of 1025?
0
What is the tens digit of 12630?
3
What is the tens digit of 346?
4
What is the hundreds digit of 41341?
3
What is the tens digit of 79284?
8
What is the ten thousands digit of 63767?
6
What is the tens digit of 122?
2
What is the hundreds digit of 1634?
6
What is the hundreds digit of 36443?
4
What is the tens digit of 1517?
1
What is the units digit of 14807?
7
What is the thousands digit of 6590?
6
What is the units digit of 202?
2
What is the units digit of 451?
1
What is the hundreds digit of 15490?
4
What is the units digit of 81711?
1
What is the units digit of 8574?
4
What is the thousands digit of 14875?
4
What is the thousands digit of 29730?
9
What is the tens digit of 1532?
3
What is the hundreds digit of 44655?
6
What is the units digit of 1162?
2
What is the ten thousands digit of 12084?
1
What is the units digit of 167899?
9
What is the ten thousands digit of 38702?
3
What is the tens digit of 1884?
8
What is the units digit of 2443?
3
What is the thousands digit of 4925?
4
What is the units digit of 112221?
1
What is the tens digit of 6542?
4
What is the units digit of 1730?
0
What is the hundreds digit of 465?
4
What is the hundreds digit of 609?
6
What is the thousands digit of 41048?
1
What is the units digit of 25790?
0
What is the hundreds digit of 147281?
2
What is the hundreds digit of 64411?
4
What is the hundreds digit of 80754?
7
What is the hundreds digit of 62425?
4
What is the tens digit of 5341?
4
What is the ten thousands digit of 72546?
7
What is the units digit of 1709?
9
What is the units digit of 20813?
3
What is the hundreds digit of 1063?
0
What is the ten thousands digit of 98976?
9
What is the units digit of 1601?
1
What is the ten thousands digit of 32547?
3
What is the tens digit of 805?
0
What is the hundreds digit of 1015?
0
What is the ten thousands digit of 49279?
4
What is the tens digit of 1408?
0
What is the units digit of 36612?
2
What is the units digit of 8115?
5
What is the tens digit of 699?
9
What is the units digit of 624?
4
What is the hundreds digit of 892?
8
What is the thousands digit of 27315?
7
What is the tens digit of 796?
9
What is the tens digit of 844?
4
What is the ten thousands digit of 74691?
7
What is the tens digit of 1027?
2
What is the tens digit of 69481?
8
What is the thousands digit of 1329?
1
What is the thousands digit of 10256?
0
What is the units digit of 821?
1
What is the units digit of 137?
7
What is the thousands digit of 47480?
7
What is the units digit of 639?
9
What is the hundreds digit of 25953?
9
What is the tens digit of 1453?
5
What is the thousands digit of 3416?
3
What is the units digit of 4855?
5
What is the units digit of 395?
5
What is the units digit of 1496?
6
What is the hundreds digit of 25983?
9
What is the tens digit of 1137?
3
What is the thousands digit of 9837?
9
What is the hundreds digit of 14175?
1
What is the hundred thousands digit of 104096?
1
What is the hundreds digit of 9428?
4
What is the units digit of 129086?
6
What is the units digit of 818?
8
What is the tens digit of 1670?
7
What is the thousands digit of 5536?
5
What is the hundreds digit of 1129?
1
What is the hundreds digit of 29450?
4
What is the thousands digit of 78930?
8
What is the units digit of 526?
6
What is the units digit of 11482?
2
What is the tens digit of 